ivided by 466?
73
What is the remainder when 1205245 is divided by 401747?
4
What is the remainder when 29841 is divided by 297?
141
What is the remainder when 300833 is divided by 2810?
163
What is the remainder when 6365057 is divided by 331?
258
What is the remainder when 106565 is divided by 20749?
2820
What is the remainder when 380000881 is divided by 126666957?
10
What is the remainder when 47831595 is divided by 683308?
35
Calculate the remainder when 17082026 is divided by 1563.
1562
What is the remainder when 2945074 is divided by 671?
55
Calculate the remainder when 429155 is divided by 85804.
135
What is the remainder when 594379 is divided by 118821?
274
What is the remainder when 123061 is divided by 525?
211
What is the remainder when 445351 is divided by 24741?
13
What is the remainder when 2273675 is divided by 6015?
5
What is the remainder when 7044558 is divided by 2348179?
21
Calculate the remainder when 3023820 is divided by 51.
30
Calculate the remainder when 34824223 is divided by 125.
98
Calculate the remainder when 726089902 is divided by 36.
34
What is the remainder when 101194 is divided by 50594?
6
Calculate the remainder when 119887 is divided by 294.
229
What is the remainder when 1134437 is divided by 567182?
73
What is the remainder when 13379900 is divided by 464?
460
Calculate the remainder when 190439 is divided by 94888.
663
What is the remainder when 74539677 is divided by 809?
35
What is the remainder when 515958 is divided by 1214?
8
Calculate the remainder when 1326943 is divided by 14906.
309
Calculate the remainder when 10621 is divided by 9576.
1045
Calculate the remainder when 2611948 is divided by 652907.
320
What is the remainder when 81179 is divided by 40517?
145
What is the remainder when 10852691 is divided by 542634?
11
Calculate the remainder when 28071446 is divided by 70.
46
Calculate the remainder when 6934064 is divided by 4397.
4392
Calculate the remainder when 1198413 is divided by 47936.
13
Calculate the remainder when 5797518 is divided by 32388.
66
What is the remainder when 79149124 is divided by 63?
19
What is the remainder when 193336510 is divided by 613?
601
What is the remainder when 1288383 is divided by 1071?
1041
Calculate the remainder when 14601 is divided by 2728.
961
Calculate the remainder when 549542 is divided by 34179.
2678
Calculate the remainder when 115886 is divided by 2468.
2358
What is the remainder when 17939 is divided by 7510?
2919
Calculate the remainder when 57442 is divided by 1039.
297
Calculate the remainder when 632357 is divided by 3761.
509
What is the remainder when 1011735 is divided by 6790?
25
Calculate the remainder when 168818203 is divided by 168818187.
16
What is the remainder when 114539747 is divided by 38179913?
8
Calculate the remainder when 77895065 is divided by 381.
377
Calculate the remainder when 32582 is divided by 32317.
265
Calculate the remainder when 93962956 is divided by 138.
136
Calculate the remainder when 123072 is divided by 828.
528
What is the remainder when 44060 is divided by 2881?
845
What is the remainder when 273573267 is divided by 18?
15
What is the remainder when 2291629 is divided by 49?
46
What is the remainder when 23137664 is divided by 514170?
14
What is the remainder when 473750 is divided by 175?
25
Calculate the remainder when 1135003 is divided by 336.
331
Calculate the remainder when 3529471 is divided by 114.
31
What is the remainder when 14159 is divided by 2361?
2354
What is the remainder when 11694524 is divided by 3211?
62
What is the remainder when 3744 is divided by 2947?
797
What is the remainder when 254351 is divided by 813?
695
What is the remainder when 6467072 is divided by 22?
18
What is the remainder when 335266 is divided by 338?
308
Calculate the remainder when 17342 is divided by 7751.
1840
What is the remainder when 636475559 is divided by 42?
41
Calculate the remainder when 1578800 is divided by 789396.
8
Calculate the remainder when 748676 is divided by 97.
30
Calculate the remainder when 4251333 is divided by 255.
228
What is the remainder when 4783011 is divided by 614?
565
What is the remainder when 75867891 is divided by 4281?
9
Calculate the remainder when 219099 is divided by 9861.
2157
What is the remainder when 2362116 is divided by 3096?
2964
Calculate the remainder when 1281353 is divided by 1722.
185
What is the remainder when 2485050 is divided by 136?
58
What is the remainder when 2846781 is divided by 1856?
1533
What is the remainder when 861489 is divided by 1496?
1289
Calculate the remainder when 216102311 is divided by 27.
8
Calculate the remainder when 13923525 is divided by 34.
15
Calculate the remainder when 87041561 is divided by 4.
1
What is the remainder when 1063376 is divided by 34?
26
Calculate the remainder when 232947 is divided by 25.
22
What is the remainder when 822914884 is divided by 34?
32
Calculate the remainder when 7051271 is divided by 363.
359
What is the remainder when 1192189 is divided by 29?
28
What is the remainder when 99188781 is divided by 2662?
2661
What is the remainder when 6004956 is divided by 44813?
14
Calculate the remainder when 5221769 is divided by 522176.
9
What is the remainder when 44317808 is divided by 34?
32
What is the remainder when 577738 is divided by 18630?
208
What is the remainder when 5782940 is divided by 105143?
75
What is the remainder when 340444 is divided by 6947?
41
Calculate the remainder when 1494685 is divided by 770.
115
What is the remainder when 6952 is divided by 193?
4
What is the remainder when 1507861 is divided by 2650?
11
Calculate the remainder when 263022 is divided by 190.
62
Calculate the remainder when 4096939 is divided by 2048389.
161
What is the remainder when 125812 is divided by 7860?
52
Calculate the remainder when 4375176 is divided by 747.
744
Calculate the remainder when 254770175 is divided by 1717.
1715
What is the remainder when 61736 is divided by 2474?
2360
What is the remainder when 370239 is divided by 129?
9
What is the remainder when 3104154 is divided by 62?
0
What is the remainder when 2872868 is divided by 274?
252
What is the remainder when 231786 is divided by 46349?
41
Calculate the remainder when 52575 is divided by 1036.
775
Calculate the remainder when 3270716 is divided by 24.
20
Calculate the remainder when 78712 is divided by 2071.
14
What is the remainder when 53901 is divided by 47622?
6279
What is the remainder when 141421 is divided by 343?
105
What is the remainder when 16760469 is divided by 12?
9
What is the remainder when 6319561 is divided by 55924?
149
What is the remainder when 38169289 is divided by 4219?
4215
What is the remainder when 18766 is divided by 1625?
891
Calculate the remainder when 310652 is divided by 128.
124
Calculate the remainder when 27999 is divided by 1269.
81
What is the remainder when 624459 is divided by 156000?
459
What is the remainder when 319121 is divided by 174?
5
What is the remainder when 3232622 is divided by 55?
52
What is the remainder when 5730 is divided by 408?
18
Calculate the remainder when 253978835 is divided by 117.
32
What is the remainder when 15573665 is divided by 1295?
1290
What is the remainder when 5496626 is divided by 2748310?
6
Calculate the remainder when 52326351 is divided by 172.
167
What is the remainder when 387702 is divided by 192049?
3604
What is the remainder when 1206537 is divided by 3226?
13
Calculate the remainder when 4134233 is divided by 80.
73
What is the remainder when 27912 is divided by 6682?
1184
Calculate the remainder when 438849 is divided by 75.
24
Calculate the remainder when 968865 is divided by 326.
319
What is the remainder when 3646781 is divided by 180?
161
What is the remainder when 83118 is divided by 809?
600
Calculate the remainder when 2911488 is divided by 2280.
2208
Calculate the remainder when 3093811 is divided by 24.
19
Calculate the remainder when 100112 is divided by 6763.
5430
Calculate the remainder when 24447956 is divided by 5372.
5356
What is the remainder when 54172 is divided by 13305?
952
What is the remainder when 92420896 is divided by 281771?
8
What is the remainder when 972578 is divided by 178?
164
Calculate the remainder when 91016 is